CRAN Package Check Results for Package kofnGA

Last updated on 2024-04-12 01:00:25 CEST.

Flavor Version Tinstall Tcheck Ttotal Status Flags
r-devel-linux-x86_64-debian-clang 1.3 3.72 35.55 39.27 NOTE
r-devel-linux-x86_64-debian-gcc 1.3 2.45 26.38 28.83 NOTE
r-devel-linux-x86_64-fedora-clang 1.3 47.54 NOTE
r-devel-linux-x86_64-fedora-gcc 1.3 46.84 NOTE
r-devel-windows-x86_64 1.3 4.00 46.00 50.00 NOTE
r-patched-linux-x86_64 1.3 3.69 34.10 37.79 NOTE
r-release-linux-x86_64 1.3 3.51 34.48 37.99 NOTE
r-release-macos-arm64 1.3 20.00 NOTE
r-release-macos-x86_64 1.3 27.00 NOTE
r-release-windows-x86_64 1.3 4.00 47.00 51.00 NOTE
r-oldrel-macos-arm64 1.3 21.00 NOTE
r-oldrel-windows-x86_64 1.3 4.00 52.00 56.00 NOTE

Check Details

Version: 1.3
Check: LazyData
Result: NOTE 'LazyData' is specified without a 'data' directory Flavors: r-devel-linux-x86_64-debian-clang, r-devel-linux-x86_64-debian-gcc, r-devel-linux-x86_64-fedora-clang, r-devel-linux-x86_64-fedora-gcc, r-devel-windows-x86_64, r-patched-linux-x86_64, r-release-linux-x86_64, r-release-macos-arm64, r-release-macos-x86_64, r-release-windows-x86_64, r-oldrel-macos-arm64, r-oldrel-windows-x86_64