CRAN Package Check Results for Package kriens

Last updated on 2024-02-25 16:51:44 CET.

Flavor Version Tinstall Tcheck Ttotal Status Flags
r-devel-linux-x86_64-debian-clang 0.1 1.87 25.41 27.28 NOTE
r-devel-linux-x86_64-debian-gcc 0.1 1.55 19.74 21.29 NOTE
r-devel-linux-x86_64-fedora-clang 0.1 34.25 NOTE
r-devel-linux-x86_64-fedora-gcc 0.1 32.98 NOTE
r-devel-windows-x86_64 0.1 3.00 47.00 50.00 NOTE
r-patched-linux-x86_64 0.1 1.89 25.18 27.07 NOTE
r-release-linux-x86_64 0.1 1.45 24.94 26.39 NOTE
r-release-macos-arm64 0.1 16.00 NOTE
r-release-macos-x86_64 0.1 21.00 NOTE
r-release-windows-x86_64 0.1 3.00 47.00 50.00 NOTE
r-oldrel-macos-arm64 0.1 17.00 NOTE
r-oldrel-windows-x86_64 0.1 3.00 49.00 52.00 NOTE

Check Details

Version: 0.1
Check: Rd files
Result: NOTE checkRd: (-1) compose.Rd:13: Lost braces in \enumerate; meant \describe ? checkRd: (-1) compose.Rd:14: Lost braces in \enumerate; meant \describe ? Flavors: r-devel-linux-x86_64-debian-clang, r-devel-linux-x86_64-debian-gcc

Version: 0.1
Check: LazyData
Result: NOTE 'LazyData' is specified without a 'data' directory Flavors: r-devel-linux-x86_64-debian-clang, r-devel-linux-x86_64-debian-gcc, r-devel-linux-x86_64-fedora-clang, r-devel-linux-x86_64-fedora-gcc, r-devel-windows-x86_64, r-patched-linux-x86_64, r-release-linux-x86_64, r-release-macos-arm64, r-release-macos-x86_64, r-release-windows-x86_64, r-oldrel-macos-arm64, r-oldrel-windows-x86_64