CRAN Package Check Results for Package lacrmr

Last updated on 2024-03-03 01:00:47 CET.

Flavor Version Tinstall Tcheck Ttotal Status Flags
r-devel-linux-x86_64-debian-clang 1.0.5 3.61 47.37 50.98 OK
r-devel-linux-x86_64-debian-gcc 1.0.5 3.80 36.02 39.82 OK
r-devel-linux-x86_64-fedora-clang 1.0.5 64.19 NOTE
r-devel-linux-x86_64-fedora-gcc 1.0.5 75.87 NOTE
r-devel-windows-x86_64 1.0.5 6.00 59.00 65.00 OK
r-patched-linux-x86_64 1.0.5 3.14 44.93 48.07 OK
r-release-linux-x86_64 1.0.5 2.96 45.42 48.38 OK
r-release-macos-arm64 1.0.5 28.00 OK
r-release-macos-x86_64 1.0.5 37.00 OK
r-release-windows-x86_64 1.0.5 7.00 65.00 72.00 OK
r-oldrel-macos-arm64 1.0.5 30.00 NOTE
r-oldrel-windows-x86_64 1.0.5 7.00 66.00 73.00 OK

Check Details

Version: 1.0.5
Check: dependencies in R code
Result: NOTE Namespace in Imports field not imported from: ‘stringr’ All declared Imports should be used. Flavors: r-devel-linux-x86_64-fedora-clang, r-devel-linux-x86_64-fedora-gcc, r-oldrel-macos-arm64