Last updated on 2023-12-06 00:58:17 CET.
Flavor | Version | Tinstall | Tcheck | Ttotal | Status | Flags |
---|---|---|---|---|---|---|
r-devel-linux-x86_64-debian-clang | 0.1-2 | 13.94 | 111.95 | 125.89 | OK | |
r-devel-linux-x86_64-debian-gcc | 0.1-2 | 10.87 | 82.03 | 92.90 | OK | |
r-devel-linux-x86_64-fedora-clang | 0.1-2 | 151.95 | NOTE | |||
r-devel-linux-x86_64-fedora-gcc | 0.1-2 | 150.98 | NOTE | |||
r-devel-windows-x86_64 | 0.1-2 | 12.00 | 87.00 | 99.00 | OK | |
r-patched-linux-x86_64 | 0.1-2 | 17.99 | 108.64 | 126.63 | OK | |
r-release-linux-x86_64 | 0.1-2 | 14.08 | 107.03 | 121.11 | OK | |
r-release-macos-arm64 | 0.1-2 | 52.00 | OK | |||
r-release-macos-x86_64 | 0.1-2 | 61.00 | OK | |||
r-release-windows-x86_64 | 0.1-2 | 14.00 | 102.00 | 116.00 | OK | |
r-oldrel-macos-arm64 | 0.1-2 | 43.00 | NOTE | |||
r-oldrel-macos-x86_64 | 0.1-2 | 79.00 | NOTE | |||
r-oldrel-windows-x86_64 | 0.1-2 | 13.00 | 102.00 | 115.00 | OK |
Version: 0.1-2
Check: data for non-ASCII characters
Result: NOTE
Note: found 6 marked UTF-8 strings
Flavors: r-devel-linux-x86_64-fedora-clang, r-devel-linux-x86_64-fedora-gcc, r-oldrel-macos-arm64, r-oldrel-macos-x86_64