CRAN Package Check Results for Package latte

Last updated on 2024-02-27 16:49:19 CET.

Flavor Version Tinstall Tcheck Ttotal Status Flags
r-devel-linux-x86_64-debian-clang 0.2.1 8.92 68.12 77.04 NOTE
r-devel-linux-x86_64-debian-gcc 0.2.1 7.81 52.00 59.81 NOTE
r-devel-linux-x86_64-fedora-clang 0.2.1 98.04 NOTE
r-devel-linux-x86_64-fedora-gcc 0.2.1 95.86 NOTE
r-devel-windows-x86_64 0.2.1 10.00 74.00 84.00 NOTE
r-patched-linux-x86_64 0.2.1 15.39 67.14 82.53 NOTE
r-release-linux-x86_64 0.2.1 6.44 66.62 73.06 NOTE
r-release-macos-arm64 0.2.1 31.00 NOTE
r-release-macos-x86_64 0.2.1 49.00 NOTE
r-release-windows-x86_64 0.2.1 12.00 81.00 93.00 NOTE
r-oldrel-macos-arm64 0.2.1 34.00 NOTE
r-oldrel-windows-x86_64 0.2.1 12.00 84.00 96.00 NOTE

Check Details

Version: 0.2.1
Check: LazyData
Result: NOTE 'LazyData' is specified without a 'data' directory Flavors: r-devel-linux-x86_64-debian-clang, r-devel-linux-x86_64-debian-gcc, r-devel-linux-x86_64-fedora-clang, r-devel-linux-x86_64-fedora-gcc, r-devel-windows-x86_64, r-patched-linux-x86_64, r-release-linux-x86_64, r-release-macos-arm64, r-release-macos-x86_64, r-release-windows-x86_64, r-oldrel-macos-arm64, r-oldrel-windows-x86_64