Last updated on 2024-05-02 00:58:41 CEST.
Flavor | Version | Tinstall | Tcheck | Ttotal | Status | Flags |
---|---|---|---|---|---|---|
r-devel-linux-x86_64-debian-clang | 0.6-30 | 6.48 | 100.31 | 106.79 | OK | |
r-devel-linux-x86_64-debian-gcc | 0.6-30 | 6.42 | 71.88 | 78.30 | OK | |
r-devel-linux-x86_64-fedora-clang | 0.6-30 | 129.11 | NOTE | |||
r-devel-linux-x86_64-fedora-gcc | 0.6-30 | 125.71 | OK | |||
r-devel-windows-x86_64 | 0.6-30 | 9.00 | 98.00 | 107.00 | OK | |
r-patched-linux-x86_64 | 0.6-30 | 11.99 | 94.07 | 106.06 | OK | |
r-release-linux-x86_64 | 0.6-30 | 9.18 | 97.05 | 106.23 | OK | |
r-release-macos-arm64 | 0.6-30 | 38.00 | OK | |||
r-release-windows-x86_64 | 0.6-30 | 9.00 | 100.00 | 109.00 | OK | |
r-oldrel-macos-arm64 | 0.6-30 | 39.00 | OK | |||
r-oldrel-macos-x86_64 | 0.6-30 | 67.00 | OK | |||
r-oldrel-windows-x86_64 | 0.6-30 | 10.00 | 117.00 | 127.00 | OK |
Version: 0.6-30
Check: Rd cross-references
Result: NOTE
Undeclared package ‘ggplot2’ in Rd xrefs
Flavor: r-devel-linux-x86_64-fedora-clang