Last updated on 2023-12-04 00:52:45 CET.
Flavor | Version | Tinstall | Tcheck | Ttotal | Status | Flags |
---|---|---|---|---|---|---|
r-devel-linux-x86_64-debian-clang | 0.2.0 | 3.30 | 96.72 | 100.02 | OK | |
r-devel-linux-x86_64-debian-gcc | 0.2.0 | 2.97 | 70.61 | 73.58 | OK | |
r-devel-linux-x86_64-fedora-clang | 0.2.0 | 126.97 | OK | |||
r-devel-linux-x86_64-fedora-gcc | 0.2.0 | 134.49 | OK | |||
r-devel-windows-x86_64 | 0.2.0 | 4.00 | 93.00 | 97.00 | OK | |
r-patched-linux-x86_64 | 0.2.0 | 3.88 | 65.72 | 69.60 | NOTE | |
r-release-linux-x86_64 | 0.2.0 | 4.02 | 93.30 | 97.32 | OK | |
r-release-macos-arm64 | 0.2.0 | 60.00 | OK | |||
r-release-macos-x86_64 | 0.2.0 | 157.00 | OK | |||
r-release-windows-x86_64 | 0.2.0 | 7.00 | 107.00 | 114.00 | OK | |
r-oldrel-macos-arm64 | 0.2.0 | 42.00 | OK | |||
r-oldrel-macos-x86_64 | 0.2.0 | 64.00 | OK | |||
r-oldrel-windows-x86_64 | 0.2.0 | 6.00 | 112.00 | 118.00 | OK |
Version: 0.2.0
Check: package dependencies
Result: NOTE
Package suggested but not available for checking: ‘tidySEM’
Flavor: r-patched-linux-x86_64