Last updated on 2023-12-04 00:52:45 CET.
Flavor | Version | Tinstall | Tcheck | Ttotal | Status | Flags |
---|---|---|---|---|---|---|
r-devel-linux-x86_64-debian-clang | 1.2.1 | 6.91 | 235.30 | 242.21 | NOTE | |
r-devel-linux-x86_64-debian-gcc | 1.2.1 | 5.21 | 176.20 | 181.41 | NOTE | |
r-devel-linux-x86_64-fedora-clang | 1.2.2 | 293.26 | OK | |||
r-devel-linux-x86_64-fedora-gcc | 1.2.2 | 297.00 | OK | |||
r-devel-windows-x86_64 | 1.2.1 | 9.00 | 217.00 | 226.00 | OK | |
r-patched-linux-x86_64 | 1.2.1 | 6.26 | 226.24 | 232.50 | OK | |
r-release-linux-x86_64 | 1.2.1 | 5.61 | 225.76 | 231.37 | OK | |
r-release-macos-arm64 | 1.2.2 | 93.00 | OK | |||
r-release-macos-x86_64 | 1.2.2 | 247.00 | OK | |||
r-release-windows-x86_64 | 1.2.2 | 7.00 | 246.00 | 253.00 | OK | |
r-oldrel-macos-arm64 | 1.2.2 | 89.00 | OK | |||
r-oldrel-macos-x86_64 | 1.2.1 | 125.00 | OK | |||
r-oldrel-windows-x86_64 | 1.2.1 | 11.00 | 251.00 | 262.00 | OK |
Version: 1.2.1
Check: Rd files
Result: NOTE
checkRd: (-1) alogLik.Rd:132-133: Lost braces in \itemize; meant \describe ?
checkRd: (-1) alogLik.Rd:134-135: Lost braces in \itemize; meant \describe ?
checkRd: (-1) alogLik.Rd:136-137: Lost braces in \itemize; meant \describe ?
checkRd: (-1) alogLik.Rd:141-143: Lost braces in \itemize; meant \describe ?
checkRd: (-1) alogLik.Rd:144-147: Lost braces in \itemize; meant \describe ?
checkRd: (-1) alogLik.Rd:74: Lost braces
74 | code{"original_fit"}, accessible using \code{attr(name, "original_fit")},
| ^
checkRd: (-1) ow.Rd:10-11: Lost braces in \itemize; meant \describe ?
checkRd: (-1) ow.Rd:12: Lost braces in \itemize; meant \describe ?
checkRd: (-1) ow.Rd:13: Lost braces in \itemize; meant \describe ?
checkRd: (-1) ow.Rd:14-15: Lost braces in \itemize; meant \describe ?
checkRd: (-1) return_level.Rd:74-79: Lost braces in \itemize; meant \describe ?
checkRd: (-1) return_level.Rd:80-85: Lost braces in \itemize; meant \describe ?
Flavors: r-devel-linux-x86_64-debian-clang, r-devel-linux-x86_64-debian-gcc