CRAN Package Check Results for Package lazyarray

Last updated on 2024-02-26 16:56:28 CET.

Flavor Version Tinstall Tcheck Ttotal Status Flags
r-devel-linux-x86_64-debian-clang 1.1.0 38.27 45.21 83.48 NOTE
r-devel-linux-x86_64-debian-gcc 1.1.0 34.87 34.00 68.87 NOTE
r-devel-linux-x86_64-fedora-clang 1.1.0 123.22 NOTE
r-devel-linux-x86_64-fedora-gcc 1.1.0 133.46 NOTE
r-devel-windows-x86_64 1.1.0 39.00 81.00 120.00 NOTE
r-patched-linux-x86_64 1.1.0 43.51 42.61 86.12 NOTE
r-release-linux-x86_64 1.1.0 42.45 41.74 84.19 NOTE
r-release-macos-arm64 1.1.0 43.00 NOTE
r-release-macos-x86_64 1.1.0 65.00 NOTE
r-release-windows-x86_64 1.1.0 34.00 86.00 120.00 NOTE
r-oldrel-macos-arm64 1.1.0 37.00 OK
r-oldrel-windows-x86_64 1.1.0 47.00 88.00 135.00 OK

Check Details

Version: 1.1.0
Check: C++ specification
Result: NOTE Specified C++11: please drop specification unless essential Flavors: r-devel-linux-x86_64-debian-clang, r-devel-linux-x86_64-debian-gcc, r-devel-linux-x86_64-fedora-clang, r-devel-linux-x86_64-fedora-gcc, r-devel-windows-x86_64, r-patched-linux-x86_64, r-release-linux-x86_64, r-release-macos-arm64, r-release-macos-x86_64, r-release-windows-x86_64