CRAN Package Check Results for Package lazyeval

Last updated on 2024-02-28 16:50:37 CET.

Flavor Version Tinstall Tcheck Ttotal Status Flags
r-devel-linux-x86_64-debian-clang 0.2.2 4.18 37.38 41.56 NOTE
r-devel-linux-x86_64-debian-gcc 0.2.2 3.23 29.17 32.40 NOTE
r-devel-linux-x86_64-fedora-clang 0.2.2 52.61 NOTE
r-devel-linux-x86_64-fedora-gcc 0.2.2 61.93 NOTE
r-devel-windows-x86_64 0.2.2 8.00 58.00 66.00 NOTE
r-patched-linux-x86_64 0.2.2 4.54 37.15 41.69 NOTE
r-release-linux-x86_64 0.2.2 4.03 36.61 40.64 NOTE
r-release-macos-arm64 0.2.2 32.00 NOTE
r-release-macos-x86_64 0.2.2 43.00 NOTE
r-release-windows-x86_64 0.2.2 11.00 59.00 70.00 NOTE
r-oldrel-macos-arm64 0.2.2 25.00 NOTE
r-oldrel-windows-x86_64 0.2.2 10.00 59.00 69.00 NOTE

Check Details

Version: 0.2.2
Check: LazyData
Result: NOTE 'LazyData' is specified without a 'data' directory Flavors: r-devel-linux-x86_64-debian-clang, r-devel-linux-x86_64-debian-gcc, r-devel-linux-x86_64-fedora-clang, r-devel-linux-x86_64-fedora-gcc, r-devel-windows-x86_64, r-patched-linux-x86_64, r-release-linux-x86_64, r-release-macos-arm64, r-release-macos-x86_64, r-release-windows-x86_64, r-oldrel-macos-arm64, r-oldrel-windows-x86_64