CRAN Package Check Results for Package lazysql

Last updated on 2024-02-25 16:51:45 CET.

Flavor Version Tinstall Tcheck Ttotal Status Flags
r-devel-linux-x86_64-debian-clang 0.1.3 2.19 23.93 26.12 NOTE
r-devel-linux-x86_64-debian-gcc 0.1.3 1.60 18.59 20.19 NOTE
r-devel-linux-x86_64-fedora-clang 0.1.3 32.60 NOTE
r-devel-linux-x86_64-fedora-gcc 0.1.3 31.30 NOTE
r-devel-windows-x86_64 0.1.3 3.00 40.00 43.00 NOTE
r-patched-linux-x86_64 0.1.3 1.53 23.82 25.35 NOTE
r-release-linux-x86_64 0.1.3 2.16 23.42 25.58 NOTE
r-release-macos-arm64 0.1.3 17.00 NOTE
r-release-macos-x86_64 0.1.3 21.00 NOTE
r-release-windows-x86_64 0.1.3 3.00 42.00 45.00 NOTE
r-oldrel-macos-arm64 0.1.3 17.00 NOTE
r-oldrel-windows-x86_64 0.1.3 3.00 46.00 49.00 NOTE

Check Details

Version: 0.1.3
Check: LazyData
Result: NOTE 'LazyData' is specified without a 'data' directory Flavors: r-devel-linux-x86_64-debian-clang, r-devel-linux-x86_64-debian-gcc, r-devel-linux-x86_64-fedora-clang, r-devel-linux-x86_64-fedora-gcc, r-devel-windows-x86_64, r-patched-linux-x86_64, r-release-linux-x86_64, r-release-macos-arm64, r-release-macos-x86_64, r-release-windows-x86_64, r-oldrel-macos-arm64, r-oldrel-windows-x86_64