Last updated on 2024-05-21 16:53:20 CEST.
Flavor | Version | Tinstall | Tcheck | Ttotal | Status | Flags |
---|---|---|---|---|---|---|
r-devel-linux-x86_64-debian-clang | 1.0.4 | 7.42 | 47.07 | 54.49 | NOTE | |
r-devel-linux-x86_64-debian-gcc | 1.0.4 | 4.98 | 35.13 | 40.11 | NOTE | |
r-devel-linux-x86_64-fedora-clang | 1.0.4 | 67.22 | NOTE | |||
r-devel-linux-x86_64-fedora-gcc | 1.0.4 | 62.85 | NOTE | |||
r-devel-windows-x86_64 | 1.0.4 | 7.00 | 53.00 | 60.00 | NOTE | |
r-patched-linux-x86_64 | 1.0.4 | 7.47 | 45.03 | 52.50 | NOTE | |
r-release-linux-x86_64 | 1.0.4 | 4.96 | 46.97 | 51.93 | NOTE | |
r-release-macos-arm64 | 1.0.4 | 22.00 | NOTE | |||
r-release-windows-x86_64 | 1.0.4 | 7.00 | 53.00 | 60.00 | NOTE | |
r-oldrel-macos-arm64 | 1.0.4 | 22.00 | NOTE | |||
r-oldrel-macos-x86_64 | 1.0.4 | 40.00 | NOTE | |||
r-oldrel-windows-x86_64 | 1.0.4 | 9.00 | 53.00 | 62.00 | NOTE |
Version: 1.0.4
Check: LazyData
Result: NOTE
'LazyData' is specified without a 'data' directory
Flavors: r-devel-linux-x86_64-debian-clang, r-devel-linux-x86_64-debian-gcc, r-devel-linux-x86_64-fedora-clang, r-devel-linux-x86_64-fedora-gcc, r-devel-windows-x86_64, r-patched-linux-x86_64, r-release-linux-x86_64, r-release-macos-arm64, r-release-windows-x86_64, r-oldrel-macos-arm64, r-oldrel-macos-x86_64, r-oldrel-windows-x86_64