CRAN Package Check Results for Package ldamatch

Last updated on 2024-02-23 00:59:32 CET.

Flavor Version Tinstall Tcheck Ttotal Status Flags
r-devel-linux-x86_64-debian-clang 1.0.2 NOTE
r-devel-linux-x86_64-debian-gcc 1.0.2 4.29 183.60 187.89 NOTE
r-devel-linux-x86_64-fedora-clang 1.0.2 303.71 NOTE
r-devel-linux-x86_64-fedora-gcc 1.0.2 318.70 NOTE
r-devel-windows-x86_64 1.0.2 7.00 188.00 195.00 NOTE
r-patched-linux-x86_64 1.0.2 5.57 246.36 251.93 OK
r-release-linux-x86_64 1.0.2 4.86 240.45 245.31 OK
r-release-macos-arm64 1.0.2 88.00 OK
r-release-macos-x86_64 1.0.2 161.00 OK
r-release-windows-x86_64 1.0.2 8.00 252.00 260.00 OK
r-oldrel-macos-arm64 1.0.2 66.00 OK
r-oldrel-windows-x86_64 1.0.2 9.00 251.00 260.00 OK

Check Details

Version: 1.0.2
Check: Rd files
Result: NOTE checkRd: (-1) set_param.Rd:23: Lost braces in \itemize; meant \describe ? checkRd: (-1) set_param.Rd:24-30: Lost braces in \itemize; meant \describe ? checkRd: (-1) set_param.Rd:26: Lost braces in \itemize; meant \describe ? checkRd: (-1) set_param.Rd:27: Lost braces in \itemize; meant \describe ? checkRd: (-1) set_param.Rd:28: Lost braces in \itemize; meant \describe ? checkRd: (-1) set_param.Rd:31-32: Lost braces in \itemize; meant \describe ? checkRd: (-1) set_param.Rd:33: Lost braces in \itemize; meant \describe ? checkRd: (-1) set_param.Rd:34: Lost braces in \itemize; meant \describe ? Flavors: r-devel-linux-x86_64-debian-clang, r-devel-linux-x86_64-debian-gcc

Version: 1.0.2
Check: Rd \usage sections
Result: NOTE Documented arguments not in \usage in Rd file 'dot-choose_best_subjects.Rd': ‘best’ ‘candidate’ Documented arguments not in \usage in Rd file 'dot-normalize_props.Rd': ‘keep_all_items’ Functions with \usage entries need to have the appropriate \alias entries, and all their arguments documented. The \usage entries must correspond to syntactically valid R code. See chapter ‘Writing R documentation files’ in the ‘Writing R Extensions’ manual. Flavors: r-devel-linux-x86_64-debian-clang, r-devel-linux-x86_64-debian-gcc, r-devel-linux-x86_64-fedora-clang, r-devel-linux-x86_64-fedora-gcc, r-devel-windows-x86_64