CRAN Package Check Results for Package ldatuning

Last updated on 2024-03-03 01:00:47 CET.

Flavor Version Tinstall Tcheck Ttotal Status Flags
r-devel-linux-x86_64-debian-clang 1.0.2 6.78 68.69 75.47 NOTE
r-devel-linux-x86_64-debian-gcc 1.0.2 5.72 51.87 57.59 NOTE
r-devel-linux-x86_64-fedora-clang 1.0.2 94.44 NOTE
r-devel-linux-x86_64-fedora-gcc 1.0.2 101.50 NOTE
r-devel-windows-x86_64 1.0.2 7.00 76.00 83.00 NOTE
r-patched-linux-x86_64 1.0.2 11.59 67.18 78.77 NOTE
r-release-linux-x86_64 1.0.2 6.38 66.62 73.00 NOTE
r-release-macos-arm64 1.0.2 44.00 NOTE
r-release-macos-x86_64 1.0.2 64.00 NOTE
r-release-windows-x86_64 1.0.2 10.00 90.00 100.00 NOTE
r-oldrel-macos-arm64 1.0.2 35.00 NOTE
r-oldrel-windows-x86_64 1.0.2 10.00 91.00 101.00 NOTE

Check Details

Version: 1.0.2
Check: LazyData
Result: NOTE 'LazyData' is specified without a 'data' directory Flavors: r-devel-linux-x86_64-debian-clang, r-devel-linux-x86_64-debian-gcc, r-devel-linux-x86_64-fedora-clang, r-devel-linux-x86_64-fedora-gcc, r-devel-windows-x86_64, r-patched-linux-x86_64, r-release-linux-x86_64, r-release-macos-arm64, r-release-macos-x86_64, r-release-windows-x86_64, r-oldrel-macos-arm64, r-oldrel-windows-x86_64

Version: 1.0.2
Check: Rd cross-references
Result: NOTE Undeclared package ‘tm’ in Rd xrefs Flavor: r-devel-linux-x86_64-fedora-clang