Last updated on 2024-05-02 16:48:23 CEST.
Flavor | Version | Tinstall | Tcheck | Ttotal | Status | Flags |
---|---|---|---|---|---|---|
r-devel-linux-x86_64-debian-clang | 2.1.5 | 137.75 | 128.73 | 266.48 | NOTE | |
r-devel-linux-x86_64-debian-gcc | 2.1.5 | 110.16 | 92.89 | 203.05 | NOTE | |
r-devel-linux-x86_64-fedora-clang | 2.1.5 | 417.04 | NOTE | |||
r-devel-linux-x86_64-fedora-gcc | 2.1.5 | 430.49 | NOTE | |||
r-devel-windows-x86_64 | 2.1.5 | 108.00 | 158.00 | 266.00 | NOTE | |
r-patched-linux-x86_64 | 2.1.5 | 140.16 | 121.29 | 261.45 | NOTE | |
r-release-linux-x86_64 | 2.1.5 | 144.36 | 125.53 | 269.89 | NOTE | |
r-release-macos-arm64 | 2.1.5 | 84.00 | NOTE | |||
r-release-windows-x86_64 | 2.1.5 | 111.00 | 156.00 | 267.00 | NOTE | |
r-oldrel-macos-arm64 | 2.1.5 | 79.00 | NOTE | |||
r-oldrel-macos-x86_64 | 2.1.5 | 129.00 | NOTE | |||
r-oldrel-windows-x86_64 | 2.1.5 | 135.00 | 171.00 | 306.00 | NOTE |
Version: 2.1.5
Check: C++ specification
Result: NOTE
Specified C++11: please drop specification unless essential
Flavors: r-devel-linux-x86_64-debian-clang, r-devel-linux-x86_64-debian-gcc, r-devel-linux-x86_64-fedora-clang, r-devel-linux-x86_64-fedora-gcc, r-devel-windows-x86_64, r-patched-linux-x86_64, r-release-linux-x86_64, r-release-macos-arm64, r-release-windows-x86_64, r-oldrel-macos-arm64, r-oldrel-macos-x86_64, r-oldrel-windows-x86_64
Version: 2.1.5
Check: installed package size
Result: NOTE
installed size is 5.7Mb
sub-directories of 1Mb or more:
libs 5.0Mb
Flavors: r-release-macos-arm64, r-oldrel-macos-arm64, r-oldrel-macos-x86_64
Version: 2.1.5
Check: package dependencies
Result: NOTE
Package suggested but not available for checking: ‘VariantAnnotation’
Flavors: r-oldrel-macos-arm64, r-oldrel-macos-x86_64