CRAN Package Check Results for Package leafdown

Last updated on 2024-02-23 00:59:32 CET.

Flavor Version Tinstall Tcheck Ttotal Status Flags
r-devel-linux-x86_64-debian-clang 1.2.0 OK
r-devel-linux-x86_64-debian-gcc 1.2.0 4.99 62.76 67.75 OK
r-devel-linux-x86_64-fedora-clang 1.2.0 111.57 NOTE
r-devel-linux-x86_64-fedora-gcc 1.2.0 116.70 NOTE
r-devel-windows-x86_64 1.2.0 7.00 96.00 103.00 OK
r-patched-linux-x86_64 1.2.0 4.41 81.23 85.64 OK
r-release-linux-x86_64 1.2.0 3.76 80.64 84.40 OK
r-release-macos-arm64 1.2.0 48.00 OK
r-release-macos-x86_64 1.2.0 70.00 OK
r-release-windows-x86_64 1.2.0 8.00 98.00 106.00 OK
r-oldrel-macos-arm64 1.2.0 38.00 NOTE
r-oldrel-windows-x86_64 1.2.0 9.00 107.00 116.00 OK

Check Details

Version: 1.2.0
Check: data for non-ASCII characters
Result: NOTE Note: found 75 marked UTF-8 strings Flavors: r-devel-linux-x86_64-fedora-clang, r-devel-linux-x86_64-fedora-gcc, r-oldrel-macos-arm64