CRAN Package Check Results for Package leaftime

Last updated on 2024-02-25 16:51:45 CET.

Flavor Version Tinstall Tcheck Ttotal Status Flags
r-devel-linux-x86_64-debian-clang 0.2.0 2.79 28.27 31.06 NOTE
r-devel-linux-x86_64-debian-gcc 0.2.0 2.36 22.18 24.54 NOTE
r-devel-linux-x86_64-fedora-clang 0.2.0 38.79 NOTE
r-devel-linux-x86_64-fedora-gcc 0.2.0 37.49 NOTE
r-devel-windows-x86_64 0.2.0 4.00 45.00 49.00 NOTE
r-patched-linux-x86_64 0.2.0 2.32 28.03 30.35 NOTE
r-release-linux-x86_64 0.2.0 1.98 27.78 29.76 NOTE
r-release-macos-arm64 0.2.0 18.00 NOTE
r-release-macos-x86_64 0.2.0 24.00 NOTE
r-release-windows-x86_64 0.2.0 5.00 45.00 50.00 NOTE
r-oldrel-macos-arm64 0.2.0 17.00 NOTE
r-oldrel-windows-x86_64 0.2.0 5.00 49.00 54.00 NOTE

Check Details

Version: 0.2.0
Check: LazyData
Result: NOTE 'LazyData' is specified without a 'data' directory Flavors: r-devel-linux-x86_64-debian-clang, r-devel-linux-x86_64-debian-gcc, r-devel-linux-x86_64-fedora-clang, r-devel-linux-x86_64-fedora-gcc, r-devel-windows-x86_64, r-patched-linux-x86_64, r-release-linux-x86_64, r-release-macos-arm64, r-release-macos-x86_64, r-release-windows-x86_64, r-oldrel-macos-arm64, r-oldrel-windows-x86_64