CRAN Package Check Results for Package leiden

Last updated on 2024-02-28 00:56:24 CET.

Flavor Version Tinstall Tcheck Ttotal Status Flags
r-devel-linux-x86_64-debian-clang 0.4.3.1 12.71 136.53 149.24 OK
r-devel-linux-x86_64-debian-gcc 0.4.3.1 9.48 103.56 113.04 OK
r-devel-linux-x86_64-fedora-clang 0.4.3.1 190.39 NOTE
r-devel-linux-x86_64-fedora-gcc 0.4.3.1 197.11 OK
r-devel-windows-x86_64 0.4.3.1 85.00 630.00 715.00 NOTE
r-patched-linux-x86_64 0.4.3.1 11.33 131.41 142.74 OK
r-release-linux-x86_64 0.4.3.1 11.57 132.16 143.73 OK
r-release-macos-arm64 0.4.3.1 66.00 NOTE
r-release-macos-x86_64 0.4.3.1 214.00 NOTE
r-release-windows-x86_64 0.4.3.1 51.00 397.00 448.00 NOTE
r-oldrel-macos-arm64 0.4.3.1 69.00 NOTE
r-oldrel-windows-x86_64 0.4.3.1 50.00 485.00 535.00 NOTE

Check Details

Version: 0.4.3.1
Check: installed package size
Result: NOTE installed size is 5.5Mb sub-directories of 1Mb or more: doc 5.3Mb Flavors: r-devel-linux-x86_64-fedora-clang, r-devel-windows-x86_64, r-release-macos-arm64, r-release-macos-x86_64, r-release-windows-x86_64, r-oldrel-macos-arm64, r-oldrel-windows-x86_64