Last updated on 2024-04-28 09:53:51 CEST.
Flavor | Version | Tinstall | Tcheck | Ttotal | Status | Flags |
---|---|---|---|---|---|---|
r-devel-linux-x86_64-debian-clang | 1.5.5 | 667.14 | 342.35 | 1009.49 | NOTE | |
r-devel-linux-x86_64-debian-gcc | 1.5.5 | 545.32 | 254.17 | 799.49 | NOTE | |
r-devel-linux-x86_64-fedora-clang | 1.5.5 | 1391.17 | NOTE | |||
r-devel-linux-x86_64-fedora-gcc | 1.5.5 | 1514.48 | NOTE | |||
r-devel-windows-x86_64 | 1.5.5 | 520.00 | 336.00 | 856.00 | NOTE | |
r-patched-linux-x86_64 | 1.5.5 | 504.23 | 333.71 | 837.94 | NOTE | |
r-release-linux-x86_64 | 1.5.5 | 495.76 | 340.26 | 836.02 | NOTE | |
r-release-macos-arm64 | 1.5.5 | 309.00 | NOTE | |||
r-release-macos-x86_64 | 1.5.5 | 370.00 | NOTE | |||
r-release-windows-x86_64 | 1.5.5 | 522.00 | 325.00 | 847.00 | NOTE | |
r-oldrel-macos-arm64 | 1.5.5 | 305.00 | NOTE | |||
r-oldrel-macos-x86_64 | 1.5.5 | 414.00 | NOTE | |||
r-oldrel-windows-x86_64 | 1.5.5 | 635.00 | 424.00 | 1059.00 | NOTE |
Version: 1.5.5
Check: for GNU extensions in Makefiles
Result: NOTE
GNU make is a SystemRequirements.
Flavors: r-devel-linux-x86_64-debian-clang, r-devel-linux-x86_64-debian-gcc, r-devel-linux-x86_64-fedora-clang, r-devel-linux-x86_64-fedora-gcc, r-devel-windows-x86_64, r-patched-linux-x86_64, r-release-linux-x86_64, r-release-macos-arm64, r-release-macos-x86_64, r-release-windows-x86_64, r-oldrel-macos-arm64, r-oldrel-macos-x86_64, r-oldrel-windows-x86_64
Version: 1.5.5
Check: installed package size
Result: NOTE
installed size is 6.8Mb
sub-directories of 1Mb or more:
help 1.1Mb
libs 3.9Mb
Flavors: r-devel-linux-x86_64-fedora-clang, r-devel-windows-x86_64, r-release-macos-arm64, r-release-macos-x86_64, r-release-windows-x86_64, r-oldrel-macos-arm64, r-oldrel-macos-x86_64, r-oldrel-windows-x86_64