Last updated on 2023-09-29 00:56:52 CEST.
Flavor | Version | Tinstall | Tcheck | Ttotal | Status | Flags |
---|---|---|---|---|---|---|
r-devel-linux-x86_64-debian-clang | 1.1.6 | 190.46 | 85.90 | 276.36 | NOTE | |
r-devel-linux-x86_64-debian-gcc | 1.1.6 | 120.13 | 63.70 | 183.83 | NOTE | |
r-devel-linux-x86_64-fedora-clang | 1.1.6 | 421.39 | NOTE | |||
r-devel-linux-x86_64-fedora-gcc | 1.1.6 | 385.09 | NOTE | |||
r-devel-windows-x86_64 | 1.1.6 | 129.00 | 105.00 | 234.00 | NOTE | |
r-patched-linux-x86_64 | 1.1.6 | 183.80 | 81.38 | 265.18 | NOTE | |
r-release-linux-x86_64 | 1.1.6 | 160.64 | 80.01 | 240.65 | NOTE | |
r-release-macos-arm64 | 1.1.6 | 132.00 | NOTE | |||
r-release-macos-x86_64 | 1.1.6 | 198.00 | NOTE | |||
r-release-windows-x86_64 | 1.1.6 | 151.00 | 129.00 | 280.00 | NOTE | |
r-oldrel-macos-arm64 | 1.1.6 | 121.00 | OK | |||
r-oldrel-macos-x86_64 | 1.1.6 | 157.00 | OK | |||
r-oldrel-windows-x86_64 | 1.1.6 | 165.00 | 125.00 | 290.00 | OK |
Version: 1.1.6
Check: C++ specification
Result: NOTE
Specified C++11: please drop specification unless essential
Flavors: r-devel-linux-x86_64-debian-clang, r-devel-linux-x86_64-debian-gcc, r-devel-linux-x86_64-fedora-clang, r-devel-linux-x86_64-fedora-gcc, r-devel-windows-x86_64, r-patched-linux-x86_64, r-release-linux-x86_64, r-release-macos-arm64, r-release-macos-x86_64, r-release-windows-x86_64