CRAN Package Check Results for Package lidR

Last updated on 2024-02-25 08:53:05 CET.

Flavor Version Tinstall Tcheck Ttotal Status Flags
r-devel-linux-x86_64-debian-clang 4.1.0 175.38 558.51 733.89 OK
r-devel-linux-x86_64-debian-gcc 4.1.0 139.65 411.33 550.98 OK
r-devel-linux-x86_64-fedora-clang 4.1.0 906.91 OK
r-devel-linux-x86_64-fedora-gcc 4.1.0 956.93 OK
r-devel-windows-x86_64 4.1.0 127.00 403.00 530.00 NOTE
r-patched-linux-x86_64 4.1.0 128.62 543.10 671.72 OK
r-release-linux-x86_64 4.1.0 125.85 538.54 664.39 OK
r-release-macos-arm64 4.1.0 248.00 NOTE
r-release-macos-x86_64 4.1.0 456.00 NOTE
r-release-windows-x86_64 4.1.0 166.00 543.00 709.00 NOTE
r-oldrel-macos-arm64 4.1.0 252.00 NOTE
r-oldrel-windows-x86_64 4.1.0 155.00 491.00 646.00 NOTE

Check Details

Version: 4.1.0
Check: installed package size
Result: NOTE installed size is 5.5Mb sub-directories of 1Mb or more: R 1.0Mb doc 1.0Mb extdata 1.1Mb libs 1.7Mb Flavors: r-devel-windows-x86_64, r-release-macos-arm64, r-release-macos-x86_64, r-release-windows-x86_64, r-oldrel-macos-arm64, r-oldrel-windows-x86_64