Last updated on 2024-05-02 00:58:42 CEST.
Flavor | Version | Tinstall | Tcheck | Ttotal | Status | Flags |
---|---|---|---|---|---|---|
r-devel-linux-x86_64-debian-clang | 2.1.1 | 51.04 | 434.32 | 485.36 | OK | |
r-devel-linux-x86_64-debian-gcc | 2.1.1 | 48.10 | 314.49 | 362.59 | OK | |
r-devel-linux-x86_64-fedora-clang | 2.1.1 | 602.35 | NOTE | |||
r-devel-linux-x86_64-fedora-gcc | 2.1.1 | 633.56 | OK | |||
r-devel-windows-x86_64 | 2.1.1 | 50.00 | 283.00 | 333.00 | OK | |
r-patched-linux-x86_64 | 2.1.1 | 45.28 | 407.90 | 453.18 | OK | |
r-release-linux-x86_64 | 2.1.1 | 51.72 | 397.44 | 449.16 | OK | |
r-release-macos-arm64 | 2.1.1 | 161.00 | OK | |||
r-release-macos-x86_64 | 2.1.1 | 297.00 | OK | |||
r-release-windows-x86_64 | 2.1.1 | 51.00 | 276.00 | 327.00 | OK | |
r-oldrel-macos-arm64 | 2.1.1 | 177.00 | OK | |||
r-oldrel-macos-x86_64 | 2.1.1 | 167.00 | OK | |||
r-oldrel-windows-x86_64 | 2.1.1 | 66.00 | 358.00 | 424.00 | OK |
Version: 2.1.1
Check: package dependencies
Result: NOTE
Imports includes 26 non-default packages.
Importing from so many packages makes the package vulnerable to any of
them becoming unavailable. Move as many as possible to Suggests and
use conditionally.
Flavor: r-devel-linux-x86_64-fedora-clang