CRAN Package Check Results for Package linconGaussR

Last updated on 2024-02-22 08:54:12 CET.

Flavor Version Tinstall Tcheck Ttotal Status Flags
r-devel-linux-x86_64-debian-clang 0.1 NOTE
r-devel-linux-x86_64-debian-gcc 0.1 29.77 22.47 52.24 NOTE
r-devel-linux-x86_64-fedora-clang 0.1 92.22 NOTE
r-devel-linux-x86_64-fedora-gcc 0.1 93.90 NOTE
r-devel-windows-x86_64 0.1 31.00 67.00 98.00 NOTE
r-patched-linux-x86_64 0.1 38.10 27.88 65.98 NOTE
r-release-linux-x86_64 0.1 36.64 27.97 64.61 NOTE
r-release-macos-arm64 0.1 29.00 NOTE
r-release-macos-x86_64 0.1 43.00 NOTE
r-release-windows-x86_64 0.1 39.00 69.00 108.00 NOTE
r-oldrel-macos-arm64 0.1 27.00 OK
r-oldrel-windows-x86_64 0.1 38.00 66.00 104.00 OK

Check Details

Version: 0.1
Check: C++ specification
Result: NOTE Specified C++11: please drop specification unless essential Flavors: r-devel-linux-x86_64-debian-clang, r-devel-linux-x86_64-debian-gcc, r-devel-linux-x86_64-fedora-clang, r-devel-linux-x86_64-fedora-gcc, r-devel-windows-x86_64, r-patched-linux-x86_64, r-release-linux-x86_64, r-release-macos-arm64, r-release-macos-x86_64, r-release-windows-x86_64