CRAN Package Check Results for Package lineartestr

Last updated on 2024-03-03 01:00:47 CET.

Flavor Version Tinstall Tcheck Ttotal Status Flags
r-devel-linux-x86_64-debian-clang 1.0.0 1.68 37.11 38.79 NOTE
r-devel-linux-x86_64-debian-gcc 1.0.0 2.21 29.16 31.37 NOTE
r-devel-linux-x86_64-fedora-clang 1.0.0 49.85 NOTE
r-devel-linux-x86_64-fedora-gcc 1.0.0 47.55 NOTE
r-devel-windows-x86_64 1.0.0 4.00 57.00 61.00 NOTE
r-patched-linux-x86_64 1.0.0 2.72 37.20 39.92 NOTE
r-release-linux-x86_64 1.0.0 1.65 38.49 40.14 NOTE
r-release-macos-arm64 1.0.0 20.00 NOTE
r-release-macos-x86_64 1.0.0 28.00 NOTE
r-release-windows-x86_64 1.0.0 6.00 62.00 68.00 NOTE
r-oldrel-macos-arm64 1.0.0 16.00 NOTE
r-oldrel-windows-x86_64 1.0.0 5.00 61.00 66.00 NOTE

Check Details

Version: 1.0.0
Check: LazyData
Result: NOTE 'LazyData' is specified without a 'data' directory Flavors: r-devel-linux-x86_64-debian-clang, r-devel-linux-x86_64-debian-gcc, r-devel-linux-x86_64-fedora-clang, r-devel-linux-x86_64-fedora-gcc, r-devel-windows-x86_64, r-patched-linux-x86_64, r-release-linux-x86_64, r-release-macos-arm64, r-release-macos-x86_64, r-release-windows-x86_64, r-oldrel-macos-arm64, r-oldrel-windows-x86_64