CRAN Package Check Results for Package listdown

Last updated on 2024-02-25 08:53:05 CET.

Flavor Version Tinstall Tcheck Ttotal Status Flags
r-devel-linux-x86_64-debian-clang 0.5.7 5.81 69.05 74.86 NOTE
r-devel-linux-x86_64-debian-gcc 0.5.7 5.04 51.83 56.87 NOTE
r-devel-linux-x86_64-fedora-clang 0.5.7 95.34 OK
r-devel-linux-x86_64-fedora-gcc 0.5.7 102.41 OK
r-devel-windows-x86_64 0.5.7 6.00 81.00 87.00 OK
r-patched-linux-x86_64 0.5.7 5.64 66.75 72.39 OK
r-release-linux-x86_64 0.5.7 5.80 65.59 71.39 OK
r-release-macos-arm64 0.5.7 40.00 OK
r-release-macos-x86_64 0.5.7 56.00 OK
r-release-windows-x86_64 0.5.7 10.00 85.00 95.00 OK
r-oldrel-macos-arm64 0.5.7 39.00 OK
r-oldrel-windows-x86_64 0.5.7 8.00 93.00 101.00 OK

Check Details

Version: 0.5.7
Check: Rd files
Result: NOTE checkRd: (-1) ld_build_html_site.Rd:41: Lost braces 41 | directory specified by `rmd_dir`. Note that this is an {{rmarkdown}} | ^ checkRd: (-1) ld_create_doc.Rd:29: Lost braces 29 | directory specified by `rmd_dir`. Note that this is an {{rmarkdown}} | ^ Flavors: r-devel-linux-x86_64-debian-clang, r-devel-linux-x86_64-debian-gcc