Last updated on 2024-05-21 16:53:20 CEST.
Flavor | Version | Tinstall | Tcheck | Ttotal | Status | Flags |
---|---|---|---|---|---|---|
r-devel-linux-x86_64-debian-clang | 0.5.7 | 5.96 | 69.55 | 75.51 | NOTE | |
r-devel-linux-x86_64-debian-gcc | 0.5.7 | 5.02 | 51.99 | 57.01 | NOTE | |
r-devel-linux-x86_64-fedora-clang | 0.5.7 | 96.08 | NOTE | |||
r-devel-linux-x86_64-fedora-gcc | 0.5.7 | 109.37 | NOTE | |||
r-devel-windows-x86_64 | 0.5.7 | 7.00 | 79.00 | 86.00 | NOTE | |
r-patched-linux-x86_64 | 0.5.7 | 5.35 | 66.34 | 71.69 | NOTE | |
r-release-linux-x86_64 | 0.5.7 | 4.78 | 67.34 | 72.12 | NOTE | |
r-release-macos-arm64 | 0.5.7 | 36.00 | NOTE | |||
r-release-windows-x86_64 | 0.5.7 | 7.00 | 80.00 | 87.00 | NOTE | |
r-oldrel-macos-arm64 | 0.5.7 | 40.00 | OK | |||
r-oldrel-macos-x86_64 | 0.5.7 | 56.00 | OK | |||
r-oldrel-windows-x86_64 | 0.5.7 | 8.00 | 85.00 | 93.00 | OK |
Version: 0.5.7
Check: Rd files
Result: NOTE
checkRd: (-1) ld_build_html_site.Rd:41: Lost braces
41 | directory specified by `rmd_dir`. Note that this is an {{rmarkdown}}
| ^
checkRd: (-1) ld_create_doc.Rd:29: Lost braces
29 | directory specified by `rmd_dir`. Note that this is an {{rmarkdown}}
| ^
Flavors: r-devel-linux-x86_64-debian-clang, r-devel-linux-x86_64-debian-gcc, r-devel-linux-x86_64-fedora-clang, r-devel-linux-x86_64-fedora-gcc, r-devel-windows-x86_64, r-patched-linux-x86_64, r-release-linux-x86_64, r-release-macos-arm64, r-release-windows-x86_64