Last updated on 2024-05-21 00:57:15 CEST.
Flavor | Version | Tinstall | Tcheck | Ttotal | Status | Flags |
---|---|---|---|---|---|---|
r-devel-linux-x86_64-debian-clang | 1.0.0 | 164.65 | 40.42 | 205.07 | NOTE | |
r-devel-linux-x86_64-debian-gcc | 1.0.0 | 117.71 | 30.59 | 148.30 | NOTE | |
r-devel-linux-x86_64-fedora-clang | 1.0.0 | 304.01 | NOTE | |||
r-devel-linux-x86_64-fedora-gcc | 1.0.0 | 323.21 | NOTE | |||
r-devel-windows-x86_64 | 1.0.0 | 121.00 | 72.00 | 193.00 | NOTE | |
r-patched-linux-x86_64 | 1.0.0 | 123.59 | 38.43 | 162.02 | NOTE | |
r-release-linux-x86_64 | 1.0.0 | 117.13 | 37.90 | 155.03 | NOTE | |
r-release-macos-arm64 | 1.0.0 | 63.00 | NOTE | |||
r-release-windows-x86_64 | 1.0.0 | 122.00 | 74.00 | 196.00 | NOTE | |
r-oldrel-macos-arm64 | 1.0.0 | 61.00 | OK | |||
r-oldrel-macos-x86_64 | 1.0.0 | 71.00 | OK | |||
r-oldrel-windows-x86_64 | 1.0.0 | 151.00 | 84.00 | 235.00 | OK |
Version: 1.0.0
Check: Rd files
Result: NOTE
checkRd: (-1) lit.Rd:21: Lost braces in \itemize; \value handles \item{}{} directly
checkRd: (-1) lit.Rd:22: Lost braces in \itemize; \value handles \item{}{} directly
checkRd: (-1) lit.Rd:23: Lost braces in \itemize; \value handles \item{}{} directly
checkRd: (-1) lit_plink.Rd:23: Lost braces in \itemize; \value handles \item{}{} directly
checkRd: (-1) lit_plink.Rd:24: Lost braces in \itemize; \value handles \item{}{} directly
checkRd: (-1) lit_plink.Rd:25: Lost braces in \itemize; \value handles \item{}{} directly
Flavors: r-devel-linux-x86_64-debian-clang, r-devel-linux-x86_64-debian-gcc, r-devel-linux-x86_64-fedora-clang, r-devel-linux-x86_64-fedora-gcc, r-devel-windows-x86_64, r-patched-linux-x86_64, r-release-linux-x86_64, r-release-macos-arm64, r-release-windows-x86_64