CRAN Package Check Results for Package liteq

Last updated on 2024-03-02 00:53:29 CET.

Flavor Version Tinstall Tcheck Ttotal Status Flags
r-devel-linux-x86_64-debian-clang 1.1.0 5.36 44.68 50.04 NOTE
r-devel-linux-x86_64-debian-gcc 1.1.0 4.29 34.28 38.57 NOTE
r-devel-linux-x86_64-fedora-clang 1.1.0 62.09 NOTE
r-devel-linux-x86_64-fedora-gcc 1.1.0 61.70 NOTE
r-devel-windows-x86_64 1.1.0 5.00 56.00 61.00 NOTE
r-patched-linux-x86_64 1.1.0 5.48 44.64 50.12 NOTE
r-release-linux-x86_64 1.1.0 5.51 43.66 49.17 NOTE
r-release-macos-arm64 1.1.0 23.00 NOTE
r-release-macos-x86_64 1.1.0 30.00 NOTE
r-release-windows-x86_64 1.1.0 8.00 60.00 68.00 NOTE
r-oldrel-macos-arm64 1.1.0 23.00 NOTE
r-oldrel-windows-x86_64 1.1.0 7.00 65.00 72.00 NOTE

Check Details

Version: 1.1.0
Check: LazyData
Result: NOTE 'LazyData' is specified without a 'data' directory Flavors: r-devel-linux-x86_64-debian-clang, r-devel-linux-x86_64-debian-gcc, r-devel-linux-x86_64-fedora-clang, r-devel-linux-x86_64-fedora-gcc, r-devel-windows-x86_64, r-patched-linux-x86_64, r-release-linux-x86_64, r-release-macos-arm64, r-release-macos-x86_64, r-release-windows-x86_64, r-oldrel-macos-arm64, r-oldrel-windows-x86_64