Last updated on 2023-12-02 00:52:00 CET.
Flavor | Version | Tinstall | Tcheck | Ttotal | Status | Flags |
---|---|---|---|---|---|---|
r-devel-linux-x86_64-debian-clang | 1.1-35.1 | 114.56 | 580.76 | 695.32 | OK | |
r-devel-linux-x86_64-debian-gcc | 1.1-35.1 | 84.86 | 431.76 | 516.62 | OK | |
r-devel-linux-x86_64-fedora-clang | 1.1-35.1 | 907.81 | NOTE | |||
r-devel-linux-x86_64-fedora-gcc | 1.1-35.1 | 906.63 | OK | |||
r-devel-windows-x86_64 | 1.1-35.1 | 84.00 | 415.00 | 499.00 | NOTE | |
r-patched-linux-x86_64 | 1.1-35.1 | 82.28 | 555.22 | 637.50 | OK | |
r-release-linux-x86_64 | 1.1-35.1 | 71.51 | 562.79 | 634.30 | OK | |
r-release-macos-arm64 | 1.1-35.1 | 143.00 | NOTE | |||
r-release-macos-x86_64 | 1.1-35.1 | 271.00 | NOTE | |||
r-release-windows-x86_64 | 1.1-35.1 | 112.00 | 510.00 | 622.00 | NOTE | |
r-oldrel-macos-arm64 | 1.1-35.1 | 145.00 | NOTE | |||
r-oldrel-macos-x86_64 | 1.1-34 | 315.00 | NOTE | |||
r-oldrel-windows-x86_64 | 1.1-35.1 | 107.00 | 489.00 | 596.00 | NOTE |
Version: 1.1-35.1
Check: installed package size
Result: NOTE
installed size is 5.9Mb
sub-directories of 1Mb or more:
R 1.5Mb
doc 1.6Mb
testdata 1.3Mb
Flavors: r-devel-linux-x86_64-fedora-clang, r-devel-windows-x86_64, r-release-macos-arm64, r-release-macos-x86_64, r-release-windows-x86_64, r-oldrel-macos-arm64, r-oldrel-windows-x86_64
Version: 1.1-34
Check: installed package size
Result: NOTE
installed size is 27.6Mb
sub-directories of 1Mb or more:
R 1.5Mb
doc 1.6Mb
libs 22.4Mb
testdata 1.3Mb
Flavor: r-oldrel-macos-x86_64