CRAN Package Check Results for Package lme4

Last updated on 2024-07-19 09:57:20 CEST.

Flavor Version Tinstall Tcheck Ttotal Status Flags
r-devel-linux-x86_64-debian-clang 1.1-35.5 113.33 603.84 717.17 NOTE
r-devel-linux-x86_64-debian-gcc 1.1-35.5 72.79 440.36 513.15 NOTE
r-devel-linux-x86_64-fedora-clang 1.1-35.5 900.80 NOTE
r-devel-linux-x86_64-fedora-gcc 1.1-35.5 906.99 NOTE
r-devel-windows-x86_64 1.1-35.5 81.00 401.00 482.00 NOTE
r-patched-linux-x86_64 1.1-35.5 100.83 565.54 666.37 OK
r-release-linux-x86_64 1.1-35.5 104.19 575.82 680.01 OK
r-release-macos-arm64 1.1-35.5 258.00 NOTE
r-release-macos-x86_64 1.1-35.5 716.00 NOTE
r-release-windows-x86_64 1.1-35.5 90.00 407.00 497.00 NOTE
r-oldrel-macos-arm64 1.1-35.5 355.00 NOTE
r-oldrel-macos-x86_64 1.1-35.5 534.00 NOTE
r-oldrel-windows-x86_64 1.1-35.5 112.00 487.00 599.00 NOTE

Check Details

Version: 1.1-35.5
Check: compiled code
Result: NOTE File ‘lme4/libs/lme4.so’: Found non-API call to R: ‘SET_TYPEOF’ Compiled code should not call non-API entry points in R. See ‘Writing portable packages’ in the ‘Writing R Extensions’ manual, and section ‘Moving into C API compliance’ for issues with the use of non-API entry points. Flavors: r-devel-linux-x86_64-debian-clang, r-devel-linux-x86_64-debian-gcc, r-devel-linux-x86_64-fedora-clang, r-devel-linux-x86_64-fedora-gcc

Version: 1.1-35.5
Check: installed package size
Result: NOTE installed size is 5.9Mb sub-directories of 1Mb or more: R 1.5Mb doc 1.6Mb testdata 1.3Mb Flavors: r-devel-linux-x86_64-fedora-clang, r-devel-windows-x86_64, r-release-macos-arm64, r-release-macos-x86_64, r-release-windows-x86_64, r-oldrel-macos-arm64, r-oldrel-macos-x86_64, r-oldrel-windows-x86_64

Version: 1.1-35.5
Check: compiled code
Result: NOTE File 'lme4/libs/x64/lme4.dll': Found non-API call to R: 'SET_TYPEOF' Compiled code should not call non-API entry points in R. See 'Writing portable packages' in the 'Writing R Extensions' manual, and section 'Moving into C API compliance' for issues with the use of non-API entry points. Flavor: r-devel-windows-x86_64