Last updated on 2024-08-31 17:48:59 CEST.
Flavor | Version | Tinstall | Tcheck | Ttotal | Status | Flags |
---|---|---|---|---|---|---|
r-devel-linux-x86_64-debian-clang | 1.1-12 | 1.97 | 20.64 | 22.61 | NOTE | |
r-devel-linux-x86_64-debian-gcc | 1.1-12 | 1.25 | 16.61 | 17.86 | NOTE | |
r-devel-linux-x86_64-fedora-clang | 1.1-12 | 36.89 | OK | |||
r-devel-linux-x86_64-fedora-gcc | 1.1-12 | 34.89 | OK | |||
r-devel-windows-x86_64 | 1.1-12 | 3.00 | 42.00 | 45.00 | NOTE | |
r-patched-linux-x86_64 | 1.1-12 | 1.99 | 20.62 | 22.61 | OK | |
r-release-linux-x86_64 | 1.1-12 | 1.90 | 20.00 | 21.90 | OK | |
r-release-macos-arm64 | 1.1-12 | 16.00 | OK | |||
r-release-macos-x86_64 | 1.1-12 | 27.00 | OK | |||
r-release-windows-x86_64 | 1.1-12 | 4.00 | 52.00 | 56.00 | OK | |
r-oldrel-macos-arm64 | 1.1-12 | 17.00 | OK | |||
r-oldrel-macos-x86_64 | 1.1-12 | 21.00 | OK | |||
r-oldrel-windows-x86_64 | 1.1-12 | 4.00 | 44.00 | 48.00 | OK |
Version: 1.1-12
Check: Rd cross-references
Result: NOTE
Found the following Rd file(s) with Rd \link{} targets missing package
anchors:
approx.Z.Rd: nlme
smSplineEx1.Rd: lme
smspline.Rd: predict.lme, nlme
Please provide package anchors for all Rd \link{} targets not in the
package itself and the base packages.
Flavors: r-devel-linux-x86_64-debian-clang, r-devel-linux-x86_64-debian-gcc, r-devel-windows-x86_64