Last updated on 2024-05-13 00:51:35 CEST.
Flavor | Version | Tinstall | Tcheck | Ttotal | Status | Flags |
---|---|---|---|---|---|---|
r-devel-linux-x86_64-debian-clang | 1.1.2 | 11.73 | 38.73 | 50.46 | NOTE | |
r-devel-linux-x86_64-debian-gcc | 1.1.2 | 9.61 | 29.31 | 38.92 | NOTE | |
r-devel-linux-x86_64-fedora-clang | 1.1.2 | 70.13 | NOTE | |||
r-devel-linux-x86_64-fedora-gcc | 1.1.2 | 81.23 | NOTE | |||
r-devel-windows-x86_64 | 1.1.2 | 12.00 | 65.00 | 77.00 | NOTE | |
r-patched-linux-x86_64 | 1.1.2 | 11.69 | 36.16 | 47.85 | NOTE | |
r-release-linux-x86_64 | 1.1.2 | 12.53 | 37.00 | 49.53 | NOTE | |
r-release-macos-arm64 | 1.1.2 | 22.00 | NOTE | |||
r-release-windows-x86_64 | 1.1.2 | 14.00 | 67.00 | 81.00 | NOTE | |
r-oldrel-macos-arm64 | 1.1.2 | 23.00 | NOTE | |||
r-oldrel-macos-x86_64 | 1.1.2 | 35.00 | NOTE | |||
r-oldrel-windows-x86_64 | 1.1.2 | 13.00 | 74.00 | 87.00 | NOTE |
Version: 1.1.2
Check: C++ specification
Result: NOTE
Specified C++11: please drop specification unless essential
Flavors: r-devel-linux-x86_64-debian-clang, r-devel-linux-x86_64-debian-gcc, r-devel-linux-x86_64-fedora-clang, r-devel-linux-x86_64-fedora-gcc, r-devel-windows-x86_64, r-patched-linux-x86_64, r-release-linux-x86_64, r-release-macos-arm64, r-release-windows-x86_64, r-oldrel-macos-arm64, r-oldrel-macos-x86_64, r-oldrel-windows-x86_64
Version: 1.1.2
Check: compiled code
Result: NOTE
File ‘lobstr/libs/lobstr.so’:
Found non-API calls to R: ‘SETLENGTH’, ‘SET_TRUELENGTH’
Compiled code should not call non-API entry points in R.
See ‘Writing portable packages’ in the ‘Writing R Extensions’ manual.
Flavors: r-devel-linux-x86_64-debian-clang, r-devel-linux-x86_64-debian-gcc, r-devel-linux-x86_64-fedora-clang, r-devel-linux-x86_64-fedora-gcc
Version: 1.1.2
Check: compiled code
Result: NOTE
File 'lobstr/libs/x64/lobstr.dll':
Found non-API calls to R: 'SETLENGTH', 'SET_TRUELENGTH'
Compiled code should not call non-API entry points in R.
See 'Writing portable packages' in the 'Writing R Extensions' manual.
Flavor: r-devel-windows-x86_64