CRAN Package Check Results for Package locits

Last updated on 2024-02-25 16:51:45 CET.

Flavor Version Tinstall Tcheck Ttotal Status Flags
r-devel-linux-x86_64-debian-clang 1.7.7 8.46 66.02 74.48 NOTE
r-devel-linux-x86_64-debian-gcc 1.7.7 6.92 50.62 57.54 NOTE
r-devel-linux-x86_64-fedora-clang 1.7.7 91.80 OK
r-devel-linux-x86_64-fedora-gcc 1.7.7 90.36 OK
r-devel-windows-x86_64 1.7.7 10.00 80.00 90.00 OK
r-patched-linux-x86_64 1.7.7 13.76 66.55 80.31 OK
r-release-linux-x86_64 1.7.7 8.32 67.21 75.53 OK
r-release-macos-arm64 1.7.7 43.00 OK
r-release-macos-x86_64 1.7.7 57.00 OK
r-release-windows-x86_64 1.7.7 13.00 89.00 102.00 OK
r-oldrel-macos-arm64 1.7.7 37.00 OK
r-oldrel-windows-x86_64 1.7.7 11.00 96.00 107.00 OK

Check Details

Version: 1.7.7
Check: Rd files
Result: NOTE checkRd: (-1) Rvarlacf.Rd:104: Lost braces 104 | eqn{(2s+1)^{-2}} (this was the default in versions prior to | ^ checkRd: (-1) Rvarlacf.Rd:104: Lost braces; missing escapes or markup? 104 | eqn{(2s+1)^{-2}} (this was the default in versions prior to | ^ Flavors: r-devel-linux-x86_64-debian-clang, r-devel-linux-x86_64-debian-gcc