CRAN Package Check Results for Package log4r

Last updated on 2024-03-02 00:53:29 CET.

Flavor Version Tinstall Tcheck Ttotal Status Flags
r-devel-linux-x86_64-debian-clang 0.4.3 3.44 44.47 47.91 OK
r-devel-linux-x86_64-debian-gcc 0.4.3 2.73 34.30 37.03 OK
r-devel-linux-x86_64-fedora-clang 0.4.3 59.78 OK
r-devel-linux-x86_64-fedora-gcc 0.4.3 76.52 OK
r-devel-windows-x86_64 0.4.3 6.00 62.00 68.00 NOTE
r-patched-linux-x86_64 0.4.3 4.00 44.08 48.08 OK
r-release-linux-x86_64 0.4.3 2.69 43.79 46.48 OK
r-release-macos-arm64 0.4.3 36.00 OK
r-release-macos-x86_64 0.4.3 52.00 OK
r-release-windows-x86_64 0.4.3 7.00 70.00 77.00 NOTE
r-oldrel-macos-arm64 0.4.3 30.00 OK
r-oldrel-windows-x86_64 0.4.3 7.00 70.00 77.00 NOTE

Check Details

Version: 0.4.3
Check: package dependencies
Result: NOTE Package suggested but not available for checking: 'rsyslog' Flavors: r-devel-windows-x86_64, r-release-windows-x86_64, r-oldrel-windows-x86_64