CRAN Package Check Results for Package logib

Last updated on 2024-02-28 08:54:32 CET.

Flavor Version Tinstall Tcheck Ttotal Status Flags
r-devel-linux-x86_64-debian-clang 0.1.2 3.42 29.56 32.98 NOTE
r-devel-linux-x86_64-debian-gcc 0.1.2 2.60 22.50 25.10 NOTE
r-devel-linux-x86_64-fedora-clang 0.1.2 40.05 NOTE
r-devel-linux-x86_64-fedora-gcc 0.1.2 38.63 NOTE
r-devel-windows-x86_64 0.1.2 4.00 45.00 49.00 OK
r-patched-linux-x86_64 0.1.2 2.64 28.62 31.26 OK
r-release-linux-x86_64 0.1.2 1.92 28.07 29.99 OK
r-release-macos-arm64 0.1.2 18.00 OK
r-release-macos-x86_64 0.1.2 20.00 OK
r-release-windows-x86_64 0.1.2 5.00 46.00 51.00 OK
r-oldrel-macos-arm64 0.1.2 16.00 NOTE
r-oldrel-windows-x86_64 0.1.2 5.00 46.00 51.00 OK

Check Details

Version: 0.1.2
Check: Rd files
Result: NOTE checkRd: (-1) analysis.Rd:61-62: Lost braces in \itemize; \value handles \item{}{} directly checkRd: (-1) analysis.Rd:63-64: Lost braces in \itemize; \value handles \item{}{} directly checkRd: (-1) analysis.Rd:65-66: Lost braces in \itemize; \value handles \item{}{} directly checkRd: (-1) analysis.Rd:67-68: Lost braces in \itemize; \value handles \item{}{} directly checkRd: (-1) analysis.Rd:69: Lost braces in \itemize; \value handles \item{}{} directly Flavors: r-devel-linux-x86_64-debian-clang, r-devel-linux-x86_64-debian-gcc, r-devel-linux-x86_64-fedora-clang, r-devel-linux-x86_64-fedora-gcc

Version: 0.1.2
Check: data for non-ASCII characters
Result: NOTE Note: found 12 marked UTF-8 strings Flavors: r-devel-linux-x86_64-fedora-clang, r-devel-linux-x86_64-fedora-gcc, r-oldrel-macos-arm64