Last updated on 2023-09-24 00:56:45 CEST.
Flavor | Version | Tinstall | Tcheck | Ttotal | Status | Flags |
---|---|---|---|---|---|---|
r-devel-linux-x86_64-debian-clang | 0.31 | 2.58 | 36.58 | 39.16 | NOTE | |
r-devel-linux-x86_64-debian-gcc | 0.31 | 2.57 | 28.28 | 30.85 | NOTE | |
r-devel-linux-x86_64-fedora-clang | 0.31 | 49.91 | NOTE | |||
r-devel-linux-x86_64-fedora-gcc | 0.31 | 48.09 | NOTE | |||
r-devel-windows-x86_64 | 0.31 | 3.00 | 54.00 | 57.00 | NOTE | |
r-patched-linux-x86_64 | 0.31 | 3.13 | 36.02 | 39.15 | OK | |
r-release-linux-x86_64 | 0.31 | 3.68 | 35.58 | 39.26 | OK | |
r-release-macos-arm64 | 0.31 | 19.00 | OK | |||
r-release-macos-x86_64 | 0.31 | 27.00 | OK | |||
r-release-windows-x86_64 | 0.31 | 4.00 | 55.00 | 59.00 | OK | |
r-oldrel-macos-arm64 | 0.31 | 22.00 | OK | |||
r-oldrel-macos-x86_64 | 0.31 | 26.00 | OK | |||
r-oldrel-windows-x86_64 | 0.31 | 6.00 | 59.00 | 65.00 | OK |
Version: 0.31
Check: Rd contents
Result: NOTE
Argument items with no description in Rd object 'norpt':
‘alist’
Flavors: r-devel-linux-x86_64-debian-clang, r-devel-linux-x86_64-debian-gcc, r-devel-linux-x86_64-fedora-clang, r-devel-linux-x86_64-fedora-gcc, r-devel-windows-x86_64