CRAN Package Check Results for Package lori

Last updated on 2024-03-03 01:00:48 CET.

Flavor Version Tinstall Tcheck Ttotal Status Flags
r-devel-linux-x86_64-debian-clang 2.2.2 7.92 336.02 343.94 NOTE
r-devel-linux-x86_64-debian-gcc 2.2.2 7.36 296.30 303.66 NOTE
r-devel-linux-x86_64-fedora-clang 2.2.2 469.49 NOTE
r-devel-linux-x86_64-fedora-gcc 2.2.2 490.46 NOTE
r-devel-windows-x86_64 2.2.2 8.00 364.00 372.00 OK
r-patched-linux-x86_64 2.2.2 7.82 348.94 356.76 OK
r-release-linux-x86_64 2.2.2 10.08 352.70 362.78 OK
r-release-macos-arm64 2.2.2 170.00 OK
r-release-macos-x86_64 2.2.2 345.00 OK
r-release-windows-x86_64 2.2.2 11.00 413.00 424.00 OK
r-oldrel-macos-arm64 2.2.2 159.00 OK
r-oldrel-windows-x86_64 2.2.2 10.00 426.00 436.00 OK

Check Details

Version: 2.2.2
Check: Rd files
Result: NOTE checkRd: (-1) qut.Rd:16: Lost braces; missing escapes or markup? 16 | \item{q}{A number between \code{0} and \code{1}. The quantile of the distribution of $lambda_{QUT}$ to take.} | ^ checkRd: (-1) qut.Rd:25: Lost braces; missing escapes or markup? 25 | the value of $lambda_{QUT}$ to use in LoRI. | ^ Flavors: r-devel-linux-x86_64-debian-clang, r-devel-linux-x86_64-debian-gcc, r-devel-linux-x86_64-fedora-clang, r-devel-linux-x86_64-fedora-gcc