CRAN Package Check Results for Package lsbclust

Last updated on 2024-02-21 00:54:32 CET.

Flavor Version Tinstall Tcheck Ttotal Status Flags
r-devel-linux-x86_64-debian-clang 1.1 NOTE
r-devel-linux-x86_64-debian-gcc 1.1 32.97 75.19 108.16 NOTE
r-devel-linux-x86_64-fedora-clang 1.1 192.55 OK
r-devel-linux-x86_64-fedora-gcc 1.1 185.38 OK
r-devel-windows-x86_64 1.1 38.00 108.00 146.00 OK
r-patched-linux-x86_64 1.1 48.83 99.77 148.60 OK
r-release-linux-x86_64 1.1 45.23 96.65 141.88 OK
r-release-macos-arm64 1.1 57.00 OK
r-release-macos-x86_64 1.1 87.00 OK
r-release-windows-x86_64 1.1 47.00 131.00 178.00 OK
r-oldrel-macos-arm64 1.1 52.00 OK
r-oldrel-windows-x86_64 1.1 48.00 125.00 173.00 OK

Check Details

Version: 1.1
Check: Rd files
Result: NOTE checkRd: (-1) plot.int.lsbclust.Rd:112: Lost braces 112 | \code{"rows"} and code{"columns"}.} | ^ Flavors: r-devel-linux-x86_64-debian-clang, r-devel-linux-x86_64-debian-gcc