CRAN Package Check Results for Package lsbs

Last updated on 2024-02-21 00:54:32 CET.

Flavor Version Tinstall Tcheck Ttotal Status Flags
r-devel-linux-x86_64-debian-clang 0.1 NOTE
r-devel-linux-x86_64-debian-gcc 0.1 1.62 26.25 27.87 NOTE
r-devel-linux-x86_64-fedora-clang 0.1 45.24 NOTE
r-devel-linux-x86_64-fedora-gcc 0.1 43.51 NOTE
r-devel-windows-x86_64 0.1 3.00 53.00 56.00 NOTE
r-patched-linux-x86_64 0.1 1.96 33.68 35.64 NOTE
r-release-linux-x86_64 0.1 1.86 33.33 35.19 NOTE
r-release-macos-arm64 0.1 22.00 NOTE
r-release-macos-x86_64 0.1 28.00 NOTE
r-release-windows-x86_64 0.1 3.00 55.00 58.00 NOTE
r-oldrel-macos-arm64 0.1 24.00 NOTE
r-oldrel-windows-x86_64 0.1 4.00 59.00 63.00 NOTE

Check Details

Version: 0.1
Check: LazyData
Result: NOTE 'LazyData' is specified without a 'data' directory Flavors: r-devel-linux-x86_64-debian-clang, r-devel-linux-x86_64-debian-gcc, r-devel-linux-x86_64-fedora-clang, r-devel-linux-x86_64-fedora-gcc, r-devel-windows-x86_64, r-patched-linux-x86_64, r-release-linux-x86_64, r-release-macos-arm64, r-release-macos-x86_64, r-release-windows-x86_64, r-oldrel-macos-arm64, r-oldrel-windows-x86_64

Version: 0.1
Check: dependencies in R code
Result: NOTE Namespace in Imports field not imported from: ‘Matrix’ All declared Imports should be used. Flavors: r-devel-linux-x86_64-fedora-clang, r-devel-linux-x86_64-fedora-gcc, r-oldrel-macos-arm64