CRAN Package Check Results for Package madrat

Last updated on 2024-03-02 00:53:29 CET.

Flavor Version Tinstall Tcheck Ttotal Status Flags
r-devel-linux-x86_64-debian-clang 3.6.4 20.24 249.01 269.25 NOTE
r-devel-linux-x86_64-debian-gcc 3.6.4 15.84 187.21 203.05 NOTE
r-devel-linux-x86_64-fedora-clang 3.6.4 331.52 NOTE
r-devel-linux-x86_64-fedora-gcc 3.6.4 342.80 NOTE
r-devel-windows-x86_64 3.6.4 16.00 213.00 229.00 OK
r-patched-linux-x86_64 3.6.4 19.19 246.39 265.58 OK
r-release-linux-x86_64 3.6.4 19.86 248.00 267.86 OK
r-release-macos-arm64 3.6.4 117.00 OK
r-release-macos-x86_64 3.6.4 270.00 OK
r-release-windows-x86_64 3.6.4 22.00 264.00 286.00 OK
r-oldrel-macos-arm64 3.6.4 103.00 OK
r-oldrel-windows-x86_64 3.6.4 24.00 253.00 277.00 OK

Check Details

Version: 3.6.4
Check: Rd files
Result: NOTE checkRd: (-1) toolAggregate.Rd:49: Lost braces; missing escapes or markup? 49 | If {rel} is missing \code{to} refers to the aggregation target dimension name.} | ^ checkRd: (-1) toolGetMapping.Rd:18: Lost braces 18 | and rda (which needs to have the data stored with the object name "data"!). Use code{\link{toolConvertMapping}} | ^ Flavors: r-devel-linux-x86_64-debian-clang, r-devel-linux-x86_64-debian-gcc, r-devel-linux-x86_64-fedora-clang, r-devel-linux-x86_64-fedora-gcc