CRAN Package Check Results for Package magclass

Last updated on 2024-03-03 01:00:48 CET.

Flavor Version Tinstall Tcheck Ttotal Status Flags
r-devel-linux-x86_64-debian-clang 6.13.2 10.71 151.37 162.08 NOTE
r-devel-linux-x86_64-debian-gcc 6.13.2 8.09 110.62 118.71 NOTE
r-devel-linux-x86_64-fedora-clang 6.13.2 209.59 NOTE
r-devel-linux-x86_64-fedora-gcc 6.13.2 201.81 NOTE
r-devel-windows-x86_64 6.13.2 12.00 134.00 146.00 NOTE
r-patched-linux-x86_64 6.13.2 11.18 142.85 154.03 NOTE
r-release-linux-x86_64 6.13.2 10.13 145.11 155.24 NOTE
r-release-macos-arm64 6.13.2 69.00 NOTE
r-release-macos-x86_64 6.13.2 202.00 NOTE
r-release-windows-x86_64 6.13.2 13.00 168.00 181.00 NOTE
r-oldrel-macos-arm64 6.13.2 62.00 NOTE
r-oldrel-windows-x86_64 6.13.2 17.00 158.00 175.00 NOTE

Check Details

Version: 6.13.2
Check: package dependencies
Result: NOTE Packages suggested but not available for checking: 'lpjmlkit', 'quitte' Flavors: r-devel-linux-x86_64-debian-clang, r-devel-linux-x86_64-debian-gcc, r-devel-linux-x86_64-fedora-clang, r-devel-linux-x86_64-fedora-gcc, r-patched-linux-x86_64, r-release-linux-x86_64, r-release-windows-x86_64, r-oldrel-windows-x86_64

Version: 6.13.2
Check: Rd cross-references
Result: NOTE Undeclared packages ‘rlang’, ‘vctrs’ in Rd xrefs Flavor: r-devel-linux-x86_64-fedora-clang

Version: 6.13.2
Check: package dependencies
Result: NOTE Package suggested but not available for checking: 'quitte' Flavors: r-devel-windows-x86_64, r-release-macos-arm64, r-release-macos-x86_64, r-oldrel-macos-arm64