CRAN Package Check Results for Package magi

Last updated on 2024-02-29 08:48:58 CET.

Flavor Version Tinstall Tcheck Ttotal Status Flags
r-devel-linux-x86_64-debian-clang 1.2.2 379.41 146.12 525.53 OK
r-devel-linux-x86_64-debian-gcc 1.2.2 310.09 105.71 415.80 OK
r-devel-linux-x86_64-fedora-clang 1.2.2 775.47 OK
r-devel-linux-x86_64-fedora-gcc 1.2.2 805.71 OK
r-devel-windows-x86_64 1.2.2 278.00 168.00 446.00 OK
r-patched-linux-x86_64 1.2.2 380.06 143.24 523.30 OK
r-release-linux-x86_64 1.2.2 384.14 142.73 526.87 OK
r-release-macos-arm64 1.2.2 183.00 NOTE
r-release-macos-x86_64 1.2.2 200.00 NOTE
r-release-windows-x86_64 1.2.2 357.00 179.00 536.00 OK
r-oldrel-macos-arm64 1.2.2 171.00 NOTE
r-oldrel-windows-x86_64 1.2.2 330.00 177.00 507.00 OK

Check Details

Version: 1.2.2
Check: installed package size
Result: NOTE installed size is 26.5Mb sub-directories of 1Mb or more: libs 25.1Mb Flavors: r-release-macos-arm64, r-release-macos-x86_64, r-oldrel-macos-arm64