CRAN Package Check Results for Package makepipe

Last updated on 2024-03-01 16:49:24 CET.

Flavor Version Tinstall Tcheck Ttotal Status Flags
r-devel-linux-x86_64-debian-clang 0.2.1 8.23 55.05 63.28 OK
r-devel-linux-x86_64-debian-gcc 0.2.1 6.68 42.05 48.73 OK
r-devel-linux-x86_64-fedora-clang 0.2.1 80.30 NOTE
r-devel-linux-x86_64-fedora-gcc 0.2.1 88.41 NOTE
r-devel-windows-x86_64 0.2.1 8.00 67.00 75.00 OK
r-patched-linux-x86_64 0.2.1 7.61 53.60 61.21 OK
r-release-linux-x86_64 0.2.1 5.08 53.99 59.07 OK
r-release-macos-arm64 0.2.1 33.00 OK
r-release-macos-x86_64 0.2.1 40.00 OK
r-release-windows-x86_64 0.2.1 11.00 72.00 83.00 OK
r-oldrel-macos-arm64 0.2.1 33.00 NOTE
r-oldrel-windows-x86_64 0.2.1 9.00 74.00 83.00 OK

Check Details

Version: 0.2.1
Check: dependencies in R code
Result: NOTE Namespaces in Imports field not imported from: ‘cli’ ‘nomnoml’ All declared Imports should be used. Flavors: r-devel-linux-x86_64-fedora-clang, r-devel-linux-x86_64-fedora-gcc, r-oldrel-macos-arm64