CRAN Package Check Results for Package makepipe

Last updated on 2024-07-20 08:49:45 CEST.

Flavor Version Tinstall Tcheck Ttotal Status Flags
r-devel-linux-x86_64-debian-clang 0.2.1 9.00 56.32 65.32 OK
r-devel-linux-x86_64-debian-gcc 0.2.1 6.61 43.27 49.88 OK
r-devel-linux-x86_64-fedora-clang 0.2.1 82.20 NOTE
r-devel-linux-x86_64-fedora-gcc 0.2.1 90.95 NOTE
r-devel-windows-x86_64 0.2.1 11.00 68.00 79.00 OK
r-patched-linux-x86_64 0.2.1 8.26 54.56 62.82 OK
r-release-linux-x86_64 0.2.1 9.39 55.13 64.52 OK
r-release-macos-arm64 0.2.1 31.00 OK
r-release-macos-x86_64 0.2.1 50.00 OK
r-release-windows-x86_64 0.2.1 8.00 69.00 77.00 OK
r-oldrel-macos-arm64 0.2.1 33.00 OK
r-oldrel-macos-x86_64 0.2.1 40.00 OK
r-oldrel-windows-x86_64 0.2.1 10.00 75.00 85.00 OK

Check Details

Version: 0.2.1
Check: dependencies in R code
Result: NOTE Namespaces in Imports field not imported from: ‘cli’ ‘nomnoml’ All declared Imports should be used. Flavors: r-devel-linux-x86_64-fedora-clang, r-devel-linux-x86_64-fedora-gcc