CRAN Package Check Results for Package mallet

Last updated on 2024-03-03 01:00:48 CET.

Flavor Version Tinstall Tcheck Ttotal Status Flags
r-devel-linux-x86_64-debian-clang 1.3.0 4.73 74.81 79.54 OK
r-devel-linux-x86_64-debian-gcc 1.3.0 3.45 56.69 60.14 OK
r-devel-linux-x86_64-fedora-clang 1.3.0 97.55 NOTE
r-devel-linux-x86_64-fedora-gcc 1.3.0 109.73 OK
r-devel-windows-x86_64 1.3.0 5.00 74.00 79.00 OK
r-patched-linux-x86_64 1.3.0 3.76 72.81 76.57 OK
r-release-linux-x86_64 1.3.0 3.50 71.89 75.39 OK
r-release-macos-arm64 1.3.0 41.00 OK
r-release-macos-x86_64 1.3.0 55.00 OK
r-release-windows-x86_64 1.3.0 6.00 81.00 87.00 OK
r-oldrel-macos-arm64 1.3.0 38.00 OK
r-oldrel-windows-x86_64 1.3.0 8.00 83.00 91.00 OK

Check Details

Version: 1.3.0
Check: Rd cross-references
Result: NOTE Undeclared package ‘tibble’ in Rd xrefs Flavor: r-devel-linux-x86_64-fedora-clang