CRAN Package Check Results for Package manhattanly

Last updated on 2024-03-02 00:53:29 CET.

Flavor Version Tinstall Tcheck Ttotal Status Flags
r-devel-linux-x86_64-debian-clang 0.3.0 2.73 37.83 40.56 OK
r-devel-linux-x86_64-debian-gcc 0.3.0 2.72 29.03 31.75 OK
r-devel-linux-x86_64-fedora-clang 0.3.0 52.15 NOTE
r-devel-linux-x86_64-fedora-gcc 0.3.0 60.80 NOTE
r-devel-windows-x86_64 0.3.0 4.00 54.00 58.00 OK
r-patched-linux-x86_64 0.3.0 8.21 37.13 45.34 OK
r-release-linux-x86_64 0.3.0 2.25 37.05 39.30 OK
r-release-macos-arm64 0.3.0 30.00 OK
r-release-macos-x86_64 0.3.0 31.00 OK
r-release-windows-x86_64 0.3.0 7.00 57.00 64.00 OK
r-oldrel-macos-arm64 0.3.0 24.00 NOTE
r-oldrel-windows-x86_64 0.3.0 5.00 58.00 63.00 OK

Check Details

Version: 0.3.0
Check: dependencies in R code
Result: NOTE Namespace in Imports field not imported from: ‘ggplot2’ All declared Imports should be used. Flavors: r-devel-linux-x86_64-fedora-clang, r-devel-linux-x86_64-fedora-gcc, r-oldrel-macos-arm64