CRAN Package Check Results for Package mapdeck

Last updated on 2024-02-28 08:54:33 CET.

Flavor Version Tinstall Tcheck Ttotal Status Flags
r-devel-linux-x86_64-debian-clang 0.3.5 264.66 71.27 335.93 NOTE
r-devel-linux-x86_64-debian-gcc 0.3.5 237.36 53.68 291.04 NOTE
r-devel-linux-x86_64-fedora-clang 0.3.5 438.93 NOTE
r-devel-linux-x86_64-fedora-gcc 0.3.5 579.63 NOTE
r-devel-windows-x86_64 0.3.5 196.00 113.00 309.00 NOTE
r-patched-linux-x86_64 0.3.5 223.16 68.14 291.30 NOTE
r-release-linux-x86_64 0.3.5 212.68 68.92 281.60 NOTE
r-release-macos-arm64 0.3.5 130.00 NOTE
r-release-macos-x86_64 0.3.5 127.00 NOTE
r-release-windows-x86_64 0.3.5 255.00 135.00 390.00 NOTE
r-oldrel-macos-arm64 0.3.5 122.00 NOTE
r-oldrel-windows-x86_64 0.3.5 246.00 121.00 367.00 NOTE

Additional issues

M1mac

Check Details

Version: 0.3.5
Check: C++ specification
Result: NOTE Specified C++14: please drop specification unless essential Flavors: r-devel-linux-x86_64-debian-clang, r-devel-linux-x86_64-debian-gcc, r-devel-linux-x86_64-fedora-clang, r-devel-linux-x86_64-fedora-gcc, r-devel-windows-x86_64, r-patched-linux-x86_64, r-release-linux-x86_64, r-release-macos-arm64, r-release-macos-x86_64, r-release-windows-x86_64

Version: 0.3.5
Check: installed package size
Result: NOTE installed size is 9.4Mb sub-directories of 1Mb or more: data 1.3Mb doc 1.6Mb htmlwidgets 3.6Mb libs 2.4Mb Flavors: r-devel-linux-x86_64-fedora-clang, r-devel-windows-x86_64, r-release-macos-arm64, r-release-macos-x86_64, r-release-windows-x86_64, r-oldrel-macos-arm64, r-oldrel-windows-x86_64