CRAN Package Check Results for Package mapmisc

Last updated on 2024-03-02 00:53:29 CET.

Flavor Version Tinstall Tcheck Ttotal Status Flags
r-devel-linux-x86_64-debian-clang 2.0.6 34.66 473.23 507.89 OK
r-devel-linux-x86_64-debian-gcc 2.0.6 24.08 349.29 373.37 OK
r-devel-linux-x86_64-fedora-clang 2.0.6 609.69 NOTE
r-devel-linux-x86_64-fedora-gcc 2.0.6 626.39 NOTE
r-devel-windows-x86_64 2.0.6 24.00 353.00 377.00 OK
r-patched-linux-x86_64 2.0.6 30.42 465.31 495.73 OK
r-release-linux-x86_64 2.0.6 30.68 463.48 494.16 OK
r-release-macos-arm64 2.0.6 309.00 OK
r-release-macos-x86_64 2.0.6 869.00 OK
r-release-windows-x86_64 2.0.6 34.00 456.00 490.00 OK
r-oldrel-macos-arm64 2.0.6 321.00 OK
r-oldrel-windows-x86_64 2.0.6 34.00 442.00 476.00 OK

Check Details

Version: 2.0.6
Check: data for non-ASCII characters
Result: NOTE Note: found 1 marked UTF-8 string Flavors: r-devel-linux-x86_64-fedora-clang, r-devel-linux-x86_64-fedora-gcc