CRAN Package Check Results for Package mappoly

Last updated on 2024-02-25 08:53:06 CET.

Flavor Version Tinstall Tcheck Ttotal Status Flags
r-devel-linux-x86_64-debian-clang 0.4.0 192.06 391.70 583.76 NOTE
r-devel-linux-x86_64-debian-gcc 0.4.0 143.64 289.80 433.44 NOTE
r-devel-linux-x86_64-fedora-clang 0.4.0 762.65 NOTE
r-devel-linux-x86_64-fedora-gcc 0.4.0 786.30 NOTE
r-devel-windows-x86_64 0.4.0 146.00 299.00 445.00 NOTE
r-patched-linux-x86_64 0.4.0 185.78 345.08 530.86 NOTE
r-release-linux-x86_64 0.3.3 159.40 411.58 570.98 NOTE
r-release-macos-arm64 0.4.0 131.00 NOTE
r-release-macos-x86_64 0.4.0 174.00 NOTE
r-release-windows-x86_64 0.4.0 152.00 356.00 508.00 NOTE
r-oldrel-macos-arm64 0.4.0 172.00 NOTE
r-oldrel-windows-x86_64 0.4.0 159.00 313.00 472.00 NOTE

Additional issues

LTO

Check Details

Version: 0.4.0
Check: for GNU extensions in Makefiles
Result: NOTE GNU make is a SystemRequirements. Flavors: r-devel-linux-x86_64-debian-clang, r-devel-linux-x86_64-debian-gcc, r-devel-linux-x86_64-fedora-clang, r-devel-linux-x86_64-fedora-gcc, r-devel-windows-x86_64, r-patched-linux-x86_64, r-release-macos-arm64, r-release-macos-x86_64, r-release-windows-x86_64, r-oldrel-macos-arm64, r-oldrel-windows-x86_64

Version: 0.4.0
Check: installed package size
Result: NOTE installed size is 7.6Mb sub-directories of 1Mb or more: R 2.7Mb data 2.4Mb Flavors: r-devel-linux-x86_64-fedora-clang, r-devel-windows-x86_64, r-release-macos-arm64, r-release-macos-x86_64, r-release-windows-x86_64, r-oldrel-macos-arm64, r-oldrel-windows-x86_64

Version: 0.3.3
Check: C++ specification
Result: NOTE Specified C++11: please drop specification unless essential Flavor: r-release-linux-x86_64