CRAN Package Check Results for Package mapsPERU

Last updated on 2024-02-25 16:51:46 CET.

Flavor Version Tinstall Tcheck Ttotal Status Flags
r-devel-linux-x86_64-debian-clang 2.0.0 5.99 38.02 44.01 OK
r-devel-linux-x86_64-debian-gcc 2.0.0 5.26 29.00 34.26 OK
r-devel-linux-x86_64-fedora-clang 2.0.0 52.56 NOTE
r-devel-linux-x86_64-fedora-gcc 2.0.0 52.54 NOTE
r-devel-windows-x86_64 2.0.0 7.00 49.00 56.00 OK
r-patched-linux-x86_64 2.0.0 4.93 36.66 41.59 OK
r-release-linux-x86_64 2.0.0 5.83 36.40 42.23 OK
r-release-macos-arm64 2.0.0 24.00 OK
r-release-macos-x86_64 2.0.0 34.00 OK
r-release-windows-x86_64 2.0.0 8.00 51.00 59.00 OK
r-oldrel-macos-arm64 2.0.0 26.00 OK
r-oldrel-windows-x86_64 2.0.0 8.00 61.00 69.00 OK

Check Details

Version: 2.0.0
Check: data for non-ASCII characters
Result: NOTE Note: found 1810 marked UTF-8 strings Flavors: r-devel-linux-x86_64-fedora-clang, r-devel-linux-x86_64-fedora-gcc