CRAN Package Check Results for Package mapview

Last updated on 2024-02-24 16:48:25 CET.

Flavor Version Tinstall Tcheck Ttotal Status Flags
r-devel-linux-x86_64-debian-clang 2.11.2 46.37 410.72 457.09 OK
r-devel-linux-x86_64-debian-gcc 2.11.2 34.03 307.53 341.56 OK
r-devel-linux-x86_64-fedora-clang 2.11.2 591.54 NOTE
r-devel-linux-x86_64-fedora-gcc 2.11.2 579.92 NOTE
r-devel-windows-x86_64 2.11.2 35.00 259.00 294.00 OK
r-patched-linux-x86_64 2.11.2 34.28 403.52 437.80 OK
r-release-linux-x86_64 2.11.2 27.10 399.84 426.94 OK
r-release-macos-arm64 2.11.2 136.00 OK
r-release-macos-x86_64 2.11.2 316.00 OK
r-release-windows-x86_64 2.11.2 48.00 345.00 393.00 OK
r-oldrel-macos-arm64 2.11.2 123.00 OK
r-oldrel-windows-x86_64 2.11.2 50.00 336.00 386.00 OK

Check Details

Version: 2.11.2
Check: Rd cross-references
Result: NOTE Undeclared package ‘chromote’ in Rd xrefs Flavor: r-devel-linux-x86_64-fedora-clang

Version: 2.11.2
Check: data for non-ASCII characters
Result: NOTE Note: found 1 marked UTF-8 string Flavors: r-devel-linux-x86_64-fedora-clang, r-devel-linux-x86_64-fedora-gcc