Last updated on 2024-05-21 00:57:16 CEST.
Flavor | Version | Tinstall | Tcheck | Ttotal | Status | Flags |
---|---|---|---|---|---|---|
r-devel-linux-x86_64-debian-clang | 0.0.2 | 3.93 | 50.20 | 54.13 | NOTE | |
r-devel-linux-x86_64-debian-gcc | 0.0.2 | 3.82 | 38.54 | 42.36 | NOTE | |
r-devel-linux-x86_64-fedora-clang | 0.0.2 | 71.72 | NOTE | |||
r-devel-linux-x86_64-fedora-gcc | 0.0.2 | 80.47 | NOTE | |||
r-devel-windows-x86_64 | 0.0.2 | 5.00 | 57.00 | 62.00 | NOTE | |
r-patched-linux-x86_64 | 0.0.2 | 2.98 | 49.04 | 52.02 | NOTE | |
r-release-linux-x86_64 | 0.0.2 | 3.71 | 47.63 | 51.34 | NOTE | |
r-release-macos-arm64 | 0.0.2 | 29.00 | NOTE | |||
r-release-windows-x86_64 | 0.0.2 | 7.00 | 57.00 | 64.00 | NOTE | |
r-oldrel-macos-arm64 | 0.0.2 | 29.00 | NOTE | |||
r-oldrel-macos-x86_64 | 0.0.2 | 38.00 | NOTE | |||
r-oldrel-windows-x86_64 | 0.0.2 | 7.00 | 63.00 | 70.00 | NOTE |
Version: 0.0.2
Check: LazyData
Result: NOTE
'LazyData' is specified without a 'data' directory
Flavors: r-devel-linux-x86_64-debian-clang, r-devel-linux-x86_64-debian-gcc, r-devel-linux-x86_64-fedora-clang, r-devel-linux-x86_64-fedora-gcc, r-devel-windows-x86_64, r-patched-linux-x86_64, r-release-linux-x86_64, r-release-macos-arm64, r-release-windows-x86_64, r-oldrel-macos-arm64, r-oldrel-macos-x86_64, r-oldrel-windows-x86_64