CRAN Package Check Results for Package matlib

Last updated on 2024-03-03 01:00:48 CET.

Flavor Version Tinstall Tcheck Ttotal Status Flags
r-devel-linux-x86_64-debian-clang 0.9.6 7.93 98.37 106.30 NOTE
r-devel-linux-x86_64-debian-gcc 0.9.6 6.25 73.40 79.65 NOTE
r-devel-linux-x86_64-fedora-clang 0.9.6 129.74 NOTE
r-devel-linux-x86_64-fedora-gcc 0.9.6 138.28 NOTE
r-devel-windows-x86_64 0.9.6 8.00 104.00 112.00 OK
r-patched-linux-x86_64 0.9.6 8.11 95.79 103.90 OK
r-release-linux-x86_64 0.9.6 5.67 94.39 100.06 OK
r-release-macos-arm64 0.9.6 55.00 OK
r-release-macos-x86_64 0.9.6 86.00 OK
r-release-windows-x86_64 0.9.6 10.00 117.00 127.00 OK
r-oldrel-macos-arm64 0.9.6 42.00 OK
r-oldrel-windows-x86_64 0.9.6 11.00 108.00 119.00 OK

Check Details

Version: 0.9.6
Check: Rd files
Result: NOTE checkRd: (-1) vectors3d.Rd:86: Lost braces 86 | \code{\link{arrows3d}}, code{\link[rgl]{texts3d}}, code{\link[rgl]{rgl.material}} | ^ checkRd: (-1) vectors3d.Rd:86: Lost braces 86 | \code{\link{arrows3d}}, code{\link[rgl]{texts3d}}, code{\link[rgl]{rgl.material}} | ^ Flavors: r-devel-linux-x86_64-debian-clang, r-devel-linux-x86_64-debian-gcc, r-devel-linux-x86_64-fedora-clang, r-devel-linux-x86_64-fedora-gcc